ase 7) to base 11.
203
Convert 44 (base 8) to base 15.
26
167 (base 8) to base 14
87
2000 (base 4) to base 16
80
10 (base 3) to base 5
3
What is -11000 (base 2) in base 3?
-220
Convert -26 (base 13) to base 6.
-52
What is 5 (base 9) in base 5?
10
Convert 13 (base 7) to base 12.
a
-1ba (base 14) to base 4
-11220
64 (base 11) to base 13
55
-a4 (base 14) to base 16
-90
What is -84 (base 13) in base 11?
-99
-104 (base 5) to base 7
-41
-7 (base 14) to base 3
-21
2 (base 10) to base 9
2
6e (base 15) to base 4
1220
Convert 10 (base 8) to base 2.
1000
Convert 11 (base 15) to base 3.
121
-31 (base 12) to base 7
-52
Convert 11 (base 12) to base 10.
13
-11 (base 4) to base 11
-5
Convert -153 (base 13) to base 11.
-1a6
Convert -3 (base 10) to base 2.
-11
-4 (base 14) to base 9
-4
Convert 8 (base 16) to base 2.
1000
What is 106 (base 7) in base 14?
3d
Convert 2 (base 3) to base 5.
2
352 (base 7) to base 6
504
Convert 21 (base 11) to base 7.
32
What is -2 (base 10) in base 14?
-2
Convert -133 (base 4) to base 3.
-1011
What is 1 (base 6) in base 3?
1
What is -2 (base 10) in base 2?
-10
Convert -133 (base 7) to base 14.
-53
2 (base 6) to base 13
2
Convert -118 (base 9) to base 14.
-70
73 (base 13) to base 8
136
What is 38 (base 12) in base 14?
32
Convert 9 (base 12) to base 14.
9
Convert -5 (base 15) to base 6.
-5
What is -9 (base 14) in base 12?
-9
3 (base 7) to base 2
11
Convert -53 (base 6) to base 9.
-36
What is 26 (base 12) in base 7?
42
-3 (base 4) to base 8
-3
What is 137 (base 9) in base 12?
97
-105 (base 7) to base 8
-66
What is 38 (base 12) in base 13?
35
Convert 4 (base 15) to base 12.
4
What is c (base 13) in base 14?
c
What is -114 (base 13) in base 7?
-354
What is 6a (base 11) in base 2?
1001100
Convert 1013 (base 4) to base 9.
78
-11 (base 6) to base 10
-7
3 (base 6) to base 2
11
What is -110000 (base 2) in base 15?
-33
Convert -4 (base 13) to base 7.
-4
What is -3033 (base 4) in base 6?
-543
What is -1 (base 8) in base 13?
-1
Convert -c (base 16) to base 9.
-13
Convert 6 (base 16) to base 12.
6
8 (base 15) to base 11
8
What is -123 (base 4) in base 16?
-1b
What is -304 (base 7) in base 13?
-b8
What is -145 (base 9) in base 5?
-442
-2 (base 14) to base 3
-2
Convert 6 (base 9) to base 16.
6
What is 1132 (base 4) in base 9?
114
Convert 69 (base 13) to base 4.
1113
-3 (base 10) to base 11
-3
0 (base 16) to base 13
0
Convert -11 (base 2) to base 9.
-3
-8 (base 14) to base 15
-8
What is 62 (base 9) in base 2?
111000
114 (base 7) to base 6
140
-4b (base 13) to base 16
-3f
13 (base 11) to base 3
112
What is 2 (base 14) in base 5?
2
What is -1000 (base 3) in base 13?
-21
94 (base 13) to base 9
144
What is -3120 (base 4) in base 13?
-138
Convert 12 (base 3) to base 13.
5
Convert 11 (base 9) to base 16.
a
Convert 7 (base 12) to base 16.
7
What is -2 (base 14) in base 16?
-2
-9 (base 16) to base 6
-13
Convert -15 (base 7) to base 15.
-c
Convert -157 (base 14) to base 3.
-101010
Convert 34 (base 7) to base 16.
19
What is 373 (base 9) in base 7?
621
Convert 55 (base 6) to base 4.
203
Convert -2 (base 5) to base 15.
-2
Convert 131 (base 7) to base 10.
71
Convert -1 (base 3) to base 7.
-1
What is -29a (base 12) in base 9?
-501
7 (base 14) to base 12
7
What is -3 (base 13) in base 16?
-3
-101 (base 2) to base 8
-5
What is -2 (base 14) in base 16?
-2
136 (base 12) to base 8
272
183 (base 14) to base 13
1ac
-152 (base 12) to base 2
-11001110
What is -8a (base 15) in base 10?
-130
0 (base 4) to base 15
0
What is 100 (base 2) in base 16?
4
What is 75 (base 14) in base 13?
7c
0 (base 7) to base 12
0
-c2 (base 15) to base 11
-156
243 (base 6) to base 2
1100011
Convert -98 (base 10) to base 14.
-70
Convert 6 (base 7) to base 2.
110
Convert 11 (base 15) to base 4.
100
c8 (base 13) to base 8
244
227 (base 13) to base 9
452
140 (base 6) to base 4
330
4e (base 16) to base 3
2220
Convert 2 (base 13) to base 2.
10
2 (base 10) to base 11
2
16 (base 9) to base 7
21
What is 5 (base 12) in base 13?
5
Convert -405 (base 6) to base 4.
-2111
What is -1001001 (base 2) in base 14?
-53
What is -210 (base 5) in base 9?
-61
Convert 6 (base 12) to base 16.
6
What is -113 (base 13) in base 8?
-271
-b0 (base 13) to base 6
-355
-24 (base 9) to base 2
-10110
Convert 3 (base 14) to base 5.
3
6 (base 8) to base 10
6
What is -14 (base 7) in base 2?
-1011
Convert -3e (base 15) to base 16.
-3b
Convert -121 (base 4) to base 3.
-221
What is -11 (base 6) in base 3?
-21
What is -4 (base 8) in base 9?
-4
15 (base 14) to base 4
103
Convert 2 (base 8) to base 16.
2
-16 (base 9) to base 14
-11
What is 45 (base 7) in base 11?
30
What is a (base 13) in base 6?
14
Convert -2 (base 13) to base 9.
-2
What is -48 (base 9) in base 2?
-101100
-24 (base 14) to base 12
-28
What is -53 (base 16) in base 10?
-83
Convert -33 (base 9) to base 11.
-28
What is 140 (base 10) in base 5?
1030
-102 (base 3) to base 14
-b
Convert -301 (base 5) to base 4.
-1030
Convert -13 (base 10) to base 8.
-15
What is 3 (base 16) in base 6?
3
-265 (base 7) to base 16
-91
What is -33 (base 5) in base 12?
-16
3 (base 16) to base 7
3
What is 100 (base 2) in base 14?
4
What is -13 (base 10) in base 4?
-31
What is -231 (base 4) in base 6?
-113
Convert -7 (base 13) to base 5.
-12
Convert -13 (base 4) to base 14.
-7
3 (base 14) to base 6
3
What is 18 (base 15) in base 6?
35
Convert -200 (base 3) to base 6.
-30
What is 10 (base 8) in base 11?
8
What is 1 (base 3) in base 5?
1
-220 (base 4) to base 3
-1111
Convert -4 (base 9) to base 5.
-4
4 (base 6) to base 10
4
What is 7 (base 11) in base 7?
10
What is 10001100 (base 2) in base 11?
118
20221 (base 3) to base 12
137
-1 (base 16) to base 10
-1
What is -114 (base 6) in base 9?
-51
-70 (base 8) to base 4
-320
What is 176 (base 11) in base 2?
11001100
Convert 1 (base 10) to base 6.
1
-25 (base 11) to base 15
-1c
-36 (base 12) to base 13
-33
1211 (base 3) to base 6
121
2 (base 13) to base 2
10
What is -7 (base 10) in base 5?
-12
Convert -8 (base 13) to base 11.
-8
45 (base 10) to base 15
30
Convert 13 (base 5) to base 15.
8
What is -3 (base 8) in base 12?
-3
1 (base 5) to base 14
1
-101 (base 2) to base 16
-5
Convert c (base 15) to base 3.
110
What is -21 (base 10) in base 13?
-18
Convert 1100000 (base 2) to base 8.
140
Convert 22 (base 4) to base 7.
13
-6 (base 10) to base 3
-20
-125 (base 10) to base 13
-98
Convert 10012 (base 3) to base 13.
68
What is -5 (base 9) in base 6?
-5
-12 (base 3) to base 11
-5
Convert 4 (base 13) to base 12.
4
0 (base 9) to base 5
0
-5 (base 11) to base 3
-12
-3 (base 15) to base 14
-3
What is 64 (base 15) in base 16?
5e
What is 0 (base 16) in base 11?
0
-145 (base 12) to base 14
-101
Convert 1 (base 16) to base 5.
1
-35 (base 9) to base 6
-52
What is 320 (base 5) in base 12?
71
Convert 15 (base 6) to base 12.
b
-c (base 16) to base 14
-c
What is 80 (base 15) in base 14?
88
What is 1100010 (base 2) in base 16?
62
-16 (base 8) to base 9
-15
What is 0 (base 4) in base 12?
0
What is -87 (base 15) in base 7?
-241
What is -1 (base 13) in base 12?
-1
Convert -4 (base 7) to base 15.
-4
What is 0 (base 4) in base 6?
0
-3 (base 13) to base 11
-3
What is 6 (base 8) in base 3?
20
Convert -1011101 (base 2) to base 3.
-10110
-235 (base 7) to base 12
-a4
What is 25 (base 6) in base 11?
16
What is -46 (base 10) in base 6?
-114
Convert -12 (base 5) to base 6.
-11
Convert -5 (base 14) to base 3.
-12
Convert 24 (base 14) to base 12.
28
What is -a (base 16) in base 6?
-14
-103 (base 7) to base 6
-124
Convert -3 (base 15) to base 8.
-3
Convert 363 (base 8) to base 9.
300
0 (base 4) to base 7
0
What is 5c (base 14) in base 12?
6a
What is -5 (base 11) in base 5?
-10
Convert -7 (base 12) to base 9.
-7
Convert 2121 (base 3) to base 5.
240
What is 0 (base 9) in base 10?
0
Convert 101 (base 9) to base 5.
312
Convert -56 (base 10) to base 8.
-70
Convert -223 (base 6) to base 4.
-1113
Convert 104 (base 10) to base 4.
1220
13 (base 4) to base 16
7
6 (base 14) to base 5
11
3 (base 5) to base 13
3
What is 3 (base 4) in base 11?
3
What is -4 (base 15) in base 14?
-4
What is -50 (base 15) in base 5?
-300
What is -4 (base 13) in base 15?
-4
What is -1 (base 6) in base 4?
-1
What is -1 (base 16) in base 11?
-1
Convert -33 (base 14) to base 11.
-41
What is 3 (base 14) in base 8?
3
What is 2 (base 6) 